ghest common factor of a and 162?
81
Let p(r) = -r**3 - 9*r**2 + r + 1. Let f be p(-9). Let h = 12 + f. Calculate the greatest common factor of h and 12.
4
Let w be 20/4*13/1. Let x = -121 + 134. Calculate the greatest common factor of x and w.
13
Suppose 3*m - 62 = 2*m. Let r(l) = 2*l**3 - l**2 + 45*l - 137. Let v be r(4). Calculate the highest common divisor of v and m.
31
Let g be (5 + 4 + -8)*(-1 + 45). Calculate the highest common divisor of 946 and g.
22
Let r = -72 + 77. What is the highest common divisor of r and 180?
5
Let n = -17 - -35. Let q be 2 - (8/(-3) - (-2)/3). Suppose -j - q*b = -2*j + 23, -4*j - 4*b + 112 = 0. What is the greatest common divisor of j and n?
9
Suppose 3*g - 40 = -2*g. Let h be 8/10*5/2. Let y be (h + -90)*(8 - 9). What is the greatest common divisor of g and y?
8
Suppose 0 = 5*f + 4*l - 303, 5*f - 219 = 5*l + 111. Calculate the highest common divisor of f and 1953.
63
Suppose -3*z = -4*d + 8*d - 357, -4*d + 354 = 2*z. Calculate the highest common divisor of 1 and d.
1
Let f(u) = u + 13. Let s be f(-4). Suppose c - 9 = -0. Calculate the highest common divisor of s and c.
9
Let l be 3/(-6 + (-198)/(-32)). Let k be (10 - 1)/((-6)/(-16)). Calculate the greatest common divisor of k and l.
8
Let p be -3*(-76)/14*(-2 + 9). Calculate the greatest common factor of p and 152.
38
Let b(u) = -7*u + 347. Let w be b(20). What is the highest common factor of 9 and w?
9
Let u = -11 + 35. Let w be (8/(-10))/(-4) + 1319/5. What is the greatest common divisor of u and w?
24
Let j be 9/((-108)/56)*-12. Suppose 4*a + 12 = 7*a. Suppose a*t = 15 + 17. What is the greatest common factor of j and t?
8
Let d = 9 + -4. Let o be -12 - (-297)/(15 - 4). Calculate the greatest common factor of d and o.
5
Let b be (1/1 - -35) + -2. Let r(s) = -7*s - 137. Let i be r(-22). What is the greatest common divisor of i and b?
17
Let h(f) = 6 - 49*f**2 - f + 0 + f**3 + 2*f + 53*f**2. Let i be h(-3). Calculate the highest common divisor of 12 and i.
12
Suppose -2*s - 248 = -3*k, 5*k + 5*s + 0*s = 430. Calculate the greatest common factor of 28 and k.
28
Suppose 0 = -4*p - 3*g + 885 + 1102, p - 508 = -3*g. Calculate the greatest common factor of p and 17.
17
Suppose -4*a + 330 = -a + 2*q, 5*a + 4*q = 550. What is the greatest common factor of 11 and a?
11
Let s be ((-8)/(-12))/((-1519)/(-378) + -4). Calculate the greatest common factor of s and 204.
12
Suppose -5*t + 147 = -2*a - 11, -3*t - 12 = 0. Let d = -82 - a. Calculate the greatest common divisor of d and 77.
7
Let a be 5 + (131 - 4/(-2)). Suppose -2*x + f = -269, -3*f + 6*f = -x + a. Calculate the highest common divisor of x and 15.
15
Suppose 0 = 32*v - 31*v - 11. Calculate the greatest common factor of 121 and v.
11
Let y be (-52)/52*(1 - 7). Calculate the greatest common divisor of y and 294.
6
Suppose 3*q - 152 + 29 = 0. Let a = q - 39. Suppose 4*w + 2*d + 2*d - 68 = 0, -5*d + 53 = 3*w. Calculate the greatest common factor of w and a.
2
Suppose -13*s + 4*g = -9*s - 44, g - 15 = -s. Let v = 60 + -33. Let o be ((-26)/3)/((-2)/v). What is the greatest common factor of s and o?
13
Let i be 277 + 2 - 8/(-8). What is the greatest common divisor of i and 56?
56
Suppose 5*h = 22 + 78. Calculate the greatest common factor of 50 and h.
10
Let g = -1948 + 1957. Suppose 0 = w - 0*w - 2. Suppose -8 = -2*y - 2, 4*t = w*y + 66. Calculate the highest common factor of g and t.
9
Suppose -i = 4*s, -3*i - s - 2*s + 36 = 0. Suppose -160 = -0*b - 4*b. Calculate the highest common divisor of b and i.
8
Suppose -2*n + 32 + 0 = 0. Let d be (-6 + 2)/(-2) + n. Let a = 39 - -6. What is the highest common factor of d and a?
9
Let x be (1 + 14)*(-14 - 222/(-9)). Calculate the highest common factor of x and 240.
80
Let g be (22 - 2)/((-14 + -2)/(-16)). Suppose 3*n + n = 16. Suppose 24 + 46 = 5*v - n*k, 3*v - 25 = -k. What is the greatest common factor of v and g?
10
Let x(f) = -f**3 - 2*f**2 + 5*f - 1. Let q be x(-7). Suppose 3*c + 76 = 7*c. Calculate the highest common factor of q and c.
19
Let k = -215 + 227. Let u be (0 - (-2 + 1)) + 2. What is the highest common factor of k and u?
3
Let k(m) = 224*m**2 - 6*m + 6. Let z be k(1). Calculate the highest common factor of z and 64.
32
Let m = -113 - -127. What is the highest common divisor of 21 and m?
7
Suppose 5*n + 91 = 6*n. Let b(s) = 2*s - 7. Let y be b(5). Suppose -a = 4*u - 33, -3*a = y*u - 4*u - 34. Calculate the greatest common divisor of n and a.
13
Let h(q) = q**3 + 7*q**2 - q - 6. Let d be h(-6). Let x be (24/(-15))/(22/(-55)). Calculate the greatest common factor of d and x.
4
Suppose 3*u - 19 = -4. Suppose 2*w - 4 = 3*m, -2*w - w = -5*m - u. Let h be (2/(-5))/((-1)/w). What is the greatest common factor of 4 and h?
2
Let w be (150/(-7))/(-7 - (-1140)/168). Calculate the highest common factor of 12 and w.
4
Suppose 2 = 6*t - 10. Suppose 4*c - t*s - 13 = -c, -4*c - 2*s - 4 = 0. Suppose -z + 1 = -c, 0 = 4*q + 4*z - 104. What is the greatest common factor of q and 6?
6
Let c(v) = v**2 + v. Let g be c(2). Suppose w = s + 2*s - g, w - 5*s + 12 = 0. Suppose 4 = w*a - 35. What is the highest common divisor of 39 and a?
13
Suppose -l - 48 = -3*r, 5*l + 80 = 5*r + 8*l. Calculate the highest common factor of 8 and r.
8
Suppose -21 = -5*d - 2*s - 3, 4*d - 16 = -2*s. Suppose 4*v - a = 10, -5*v + 2*v = 4*a + d. Calculate the greatest common divisor of 6 and v.
2
Let b = 359 + -35. Calculate the highest common divisor of 36 and b.
36
Let a be ((-180)/(-42))/((-1)/(-7)). Suppose 18*s - 23*s + 15 = 0. What is the highest common factor of s and a?
3
Let c be 3/15*-2*-5. Suppose -b + 69 = k, -3*b = 3*k + c*b - 209. Suppose 18*d = 14*d + k. Calculate the greatest common factor of d and 51.
17
Let c be 1 + 2 + (-393)/(-1). Let h be 2 + -6 - c/(-9). What is the highest common factor of 5 and h?
5
Suppose 24*g - 6*g = 54. What is the highest common divisor of g and 5?
1
Let v = 143 + -127. Calculate the highest common divisor of 8 and v.
8
Let n = 51 - 46. Let r(m) = -3*m - 2. Let p be r(-4). What is the highest common factor of p and n?
5
Let j = 279 + -213. What is the greatest common divisor of j and 66?
66
Suppose 8*k + 3982 = 7702. Calculate the highest common factor of 372 and k.
93
Suppose 0 = -j + 2*m + 2, 3*j + 2*j - 10 = -3*m. Suppose 3*u - 2*r + 526 = 5*u, -j*u = -3*r - 531. Calculate the highest common divisor of 33 and u.
33
Suppose 5*r = 4*r - 2*a + 21, 2*r = -3*a + 42. Calculate the highest common divisor of 14 and r.
7
Let y be 6/5 + (-16)/(-20). Suppose 0 = -y*h - 10, -3*z + 78 + 155 = -h. Calculate the greatest common divisor of 19 and z.
19
Suppose 8*f - 11*f = -99. Let n be (4 - 10)/((-3)/2). Suppose 2*z + 0 = -n, w - 2*z - 26 = 0. Calculate the greatest common divisor of f and w.
11
Let v be (-12)/(-9)*(47 + -2). What is the highest common factor of v and 28?
4
Suppose -4*l + 3*l = 0. Suppose -5*h + 5 = 0, 0 = -4*v - l*v + h - 109. Let m = 42 + v. What is the greatest common factor of m and 165?
15
Suppose 0 = -2*q - c + 521, -2*q + 185 = -5*c - 318. Let j be (-1 - -3)*(-111)/(-6). Calculate the highest common factor of j and q.
37
Suppose -7 = c - 14. Suppose 0 = c*t - 21 - 287. What is the greatest common divisor of 110 and t?
22
Let s = -50 - -53. Let x be 17 + -9 + 6/s. What is the greatest common divisor of x and 2?
2
Suppose -4*k - 50 = 5*p, 4*p - 2*p = 3*k + 3. Let x(g) = 5*g**2 - 8*g + g**3 - 2 + 2*g - g + 0. Let q be x(p). Calculate the highest common divisor of 2 and q.
2
Let s = -877 - -933. Suppose 5*r - 50 = -4*u, 2*r - 53 = 4*u + u. Calculate the greatest common divisor of r and s.
14
Let r = 381 + -341. What is the greatest common factor of r and 40?
40
Let o be 8 + 9/(-3) - -2. Let x be -1*(-11)/(-1)*-15. Suppose 0 = 3*g - 2*a - 170, 3*g = -2*a - a + x. What is the greatest common factor of o and g?
7
Let j = -72 - -157. Calculate the highest common divisor of j and 34.
17
Suppose 21*n + 4*z + 10 = 19*n, 5 = 2*n - z. Let k = 45 - 34. Calculate the highest common factor of k and n.
1
Suppose -11*j + 264 = j. What is the highest common divisor of j and 759?
11
Let j(c) = c**2 + 15*c - 66. Let y be j(-21). Suppose -7*o + 30 + 180 = 0. Calculate the greatest common divisor of o and y.
30
Let z(b) = -b**2 - 3*b + 8. Let t(m) = 2*m + 12. Let a b